base 9, what is 35781 - -3?
35784
In base 16, what is -9 - -4f2?
4e9
In base 4, what is 2032230 - 13230?
2013000
In base 11, what is 150 - -261?
401
In base 15, what is 3d - 14a?
-10c
In base 10, what is 155 - 20?
135
In base 4, what is -200 + 3?
-131
In base 15, what is 1 + -13302?
-13301
In base 9, what is 0 - -1660412?
1660412
In base 6, what is -25301 + 2544?
-22313
In base 11, what is -22 + 14037?
14015
In base 9, what is 10 + 1551?
1561
In base 9, what is 6 - -34025?
34032
In base 7, what is 153 - 2160?
-2004
In base 8, what is -4 + -1163203?
-1163207
In base 16, what is -cff7 - -8?
-cfef
In base 5, what is 11441 - 101?
11340
In base 13, what is -7ab75b - -2?
-7ab759
In base 4, what is 2021103300 + 3?
2021103303
In base 13, what is 97 + -ac?
-15
In base 4, what is 1 - -2023131?
2023132
In base 2, what is 100 - -1101101000010?
1101101000110
In base 16, what is -2f0d0 - 1?
-2f0d1
In base 12, what is 782 - -4a?
810
In base 16, what is -5 - e701?
-e706
In base 7, what is -11105660 - -1?
-11105656
In base 11, what is -a733 + -6?
-a739
In base 10, what is -3 + 1560068?
1560065
In base 6, what is 2330 - 525?
1401
In base 6, what is -151 - 1200?
-1351
In base 15, what is 4 + 42bd?
42c2
In base 14, what is -5531 + 4?
-552b
In base 4, what is -13133 + -122133?
-201332
In base 4, what is -12202 - 1200013?
-1212221
In base 7, what is 1 - 34453?
-34452
In base 7, what is 112116423 - -2?
112116425
In base 11, what is -191 - 3815?
-39a6
In base 12, what is 75 - 51?
24
In base 2, what is 11 + -1010001101100?
-1010001101001
In base 5, what is -40 - 131101?
-131141
In base 13, what is -527bc - 5?
-527c4
In base 2, what is 11 + -111111010110111?
-111111010110100
In base 7, what is -1 - 6434040?
-6434041
In base 2, what is -1 + -10001001101111?
-10001001110000
In base 2, what is -10001110000111111 - -1?
-10001110000111110
In base 8, what is 216426 - 10?
216416
In base 13, what is -9630 + -41?
-9671
In base 16, what is 4 - -6f54f?
6f553
In base 8, what is 1176330 - 4?
1176324
In base 3, what is -100120002 + 11121?
-100101111
In base 11, what is 6a0 + -112?
589
In base 4, what is -2000 + 22013?
20013
In base 3, what is -11 - -221102021110?
221102021022
In base 13, what is -31 - -c900?
c89c
In base 11, what is -99914 - 0?
-99914
In base 13, what is -66 - -c2b?
b95
In base 13, what is -b86b13 + -3?
-b86b16
In base 16, what is 3c0 - -116?
4d6
In base 7, what is -11445120 - 0?
-11445120
In base 15, what is 119687 + 0?
119687
In base 15, what is 19b2 + -24?
198d
In base 14, what is 39b67 - -3?
39b6a
In base 12, what is -b + 45491?
45482
In base 3, what is -11 - -21112110?
21112022
In base 6, what is 2405352 - 5?
2405343
In base 14, what is 252 - -2617?
2869
In base 15, what is 497 + 1a6?
64d
In base 13, what is 336227 + 1?
336228
In base 15, what is 3d4 + a?
3de
In base 9, what is -4555267 - 0?
-4555267
In base 4, what is -11 + -203310032?
-203310103
In base 16, what is -609cf + -3?
-609d2
In base 13, what is -10aa9 + 24?
-10a85
In base 15, what is -4 + 350eb?
350e7
In base 4, what is 11 + -122100?
-122023
In base 11, what is 10 - 935?
-925
In base 10, what is -2866 + 379?
-2487
In base 15, what is 2 - -6e89?
6e8b
In base 7, what is 66563 - 1?
66562
In base 13, what is -4 - 1487?
-148b
In base 16, what is 401ffe - -2?
402000
In base 12, what is 3 + 6501?
6504
In base 6, what is 1450 - -1253?
3143
In base 9, what is 132 + -1035?
-803
In base 4, what is -133 - 201012?
-201211
In base 6, what is -3104 - 134?
-3242
In base 2, what is -10000 + -101110100110?
-101110110110
In base 13, what is 116 + 30?
146
In base 16, what is 19 + cc4?
cdd
In base 15, what is 0 - -738e?
738e
In base 13, what is -8 - -3006?
2ccb
In base 3, what is -1 - 1111212212?
-1111212220
In base 16, what is 686 + c?
692
In base 8, what is -5 + 77566?
77561
In base 16, what is -235 - -1c?
-219
In base 8, what is -7 - 136602?
-136611
In base 10, what is -7 + -4284?
-4291
In base 5, what is -422 - -24404?
23432
In base 11, what is 3a544 + -9?
3a536
In base 10, what is -256 + -7942?
-8198
In base 6, what is 1205 - 1003?
202
In base 9, what is 574 - -4635?
5320
In base 8, what is 5 + 21110?
21115
In base 16, what is 19 - 2c7?
-2ae
In base 9, what is 70052 + 0?
70052
In base 4, what is -1020010030 + -3?
-1020010033
In base 10, what is 64 - -773?
837
In base 10, what is -1 + 22750?
22749
In base 15, what is 9a4 - 5?
99e
In base 9, what is 0 - -263033?
263033
In base 14, what is -9d7 + -520?
-1117
In base 15, what is 182 + -81?
101
In base 4, what is -11021131 - -10?
-11021121
In base 9, what is 0 + 248662?
248662
In base 12, what is 375909b - 4?
3759097
In base 8, what is -1 - 200205?
-200206
In base 12, what is 3 - -11737?
1173a
In base 6, what is 1035 - 20250?
-15211
In base 4, what is 30333112 + 2?
30333120
In base 15, what is 4 - 2ccc?
-2cc8
In base 14, what is -4c15 + -4?
-4c19
In base 5, what is 14224133 + -10?
14224123
In base 7, what is -1521313 - -2?
-1521311
In base 11, what is 5 + -a75?
-a70
In base 6, what is -2 + -41241545?
-41241551
In base 12, what is -12 + -1b957?
-1b969
In base 7, what is -105 - -206153?
206045
In base 9, what is -215 + -3521?
-3736
In base 2, what is -11000100000011 - -101?
-11000011111110
In base 4, what is -231231 - -23?
-231202
In base 11, what is 867 - 46?
821
In base 15, what is -2e - -969?
93a
In base 11, what is -72 - -4?
-69
In base 9, what is 227025 - 1?
227024
In base 11, what is 1152 - 33?
111a
In base 14, what is -10 + 16?
6
In base 11, what is 1819 + 23?
1841
In base 10, what is 544402 + -11?
544391
In base 6, what is -1240054 + -22?
-1240120
In base 11, what is 5 + 36a1?
36a6
In base 16, what is 1e9d2 - 2?
1e9d0
In base 11, what is -3 - 2045?
-2048
In base 14, what is -2 - -3b37?
3b35
In base 4, what is -2312221 + 10302?
-2301313
In base 6, what is 11533 + -21?
11512
In base 9, what is 26 - -17513?
17540
In base 3, what is -102102 + 2201?
-22201
In base 14, what is 8d1 + 305?
bd6
In base 13, what is 15b3a + -b?
15b2c
In base 4, what is 312 + -110?
202
In base 14, what is 2 - -10abb7?
10abb9
In base 16, what is -19f + cbb?
b1c
In base 11, what is 219 + -12087?
-11969
In base 6, what is 4 - 40554?
-40550
In base 4, what is -2031112 - -2?
-2031110
In base 6, what is 114103 - 2?
114101
In base 15, what is -14 + -a69a?
-a6ae
In base 8, what is -1162707 + 4?
-1162703
In base 13, what is -4 - -2362?
235b
In base 2, what is 11001011 + 1110?
11011001
In base 13, what is 320 - 88?
265
In base 13, what is 5724 - 6?
571b
In base 16, what is d437 - -3?
d43a
In base 16, what is 1ffd - -42?
203f
In base 12, what is 1678 - -59?
1715
In base 13, what is -2 + 13665?
13663
In base 2, what is -1000000 + -10100101101001111?
-10100101110001111
In base 11, what is 155 + 739?
893
In base 14, what is 7 + -bd2b7?
-bd2b0
In base 2, what is -11000 + 100011011011?
100011000011
In base 3, what is -110101002021 - 1?
-110101002022
In base 6, what is 14145543 + -5?
14145534
In base 3, what is -1002001022 - 10?
-1002001102
In base 7, what is 4 + 152223?
152230
In base 4, what is -20203 + -11302?
-32111
In base 6, what is -53 - 455?
-552
In base 15, what is -e1 + -5bc4?
-5cb5
In base 11, what is 28040 - 0?
28040
In base 15, what is -123 - 369c?
-37c0
In base 10, what is 1 + 14392?
14393
In base 15, what is db3c - 0?
db3c
In base 12, what is -1a + -1222?
-1240
In base 8, what is 713 - -221?
1134
In base 11, what is 356 - -138a?
1735
In base 4, what is 1233101 + 11?
1233112
In base 16, what is -2 - 391a5?
-391a7
In base 9, what is 15276 + 2?
15278
In base 16, what is 4b3ca2 - -1?
4b3ca3
In base 13, what is 1 - 3137?
-3136
In base 3, what is 120112201 + 22120?
120212021
In base 5, what is -433122220 - -4?
-433122211
In base 14, what is -7947 + 9?
-793c
In base 13, what is 74 + 11a7?
124b
In base 5, what is 4 + -114204110?
-114204101
In base 14, what is -14c8 + 85?
-1443
In base 10, what is 24480 + 1?
24481
In base 9, what is 63387 + 0?
63387
In base 11, what is 4 + -62158?
-62154
In base 3, what is -102110002111 + 1?
-102110002110
In base 9, what is 28738 - 3?
28735
In base 15, what is 0 + -507b?
-507b
In base 14, what is 22da + 224?
2520
In base 12, what is 7748 - -3?
774b
In base 16, what is 2 - -79c2?
79c4
In base 4, what is 10 - 123100331?
-123100321
In base 10, what is 3 - -13428?
1343